{"id":66,"date":"2016-09-13T12:08:32","date_gmt":"2016-09-13T10:08:32","guid":{"rendered":"http:\/\/agneausoleil.com\/agneausoleil\/?page_id=66"},"modified":"2026-03-24T13:33:55","modified_gmt":"2026-03-24T12:33:55","slug":"actualites","status":"publish","type":"page","link":"https:\/\/agneausoleil.com\/agneausoleil\/","title":{"rendered":"Actualit\u00e9s"},"content":{"rendered":"\t\t<div data-elementor-type=\"wp-page\" data-elementor-id=\"66\" class=\"elementor elementor-66\">\n\t\t\t\t\t\t\t\t\t<section class=\"elementor-section elementor-top-section elementor-element elementor-element-394e431a elementor-section-boxed elementor-section-height-default elementor-section-height-default\" data-id=\"394e431a\" data-element_type=\"section\">\n\t\t\t\t\t\t<div class=\"elementor-container elementor-column-gap-default\">\n\t\t\t\t\t<div class=\"elementor-column elementor-col-100 elementor-top-column elementor-element elementor-element-2eafdd87\" data-id=\"2eafdd87\" data-element_type=\"column\">\n\t\t\t<div class=\"elementor-widget-wrap elementor-element-populated\">\n\t\t\t\t\t\t\t\t<div class=\"elementor-element elementor-element-ad2c54f elementor-aspect-ratio-169 elementor-widget elementor-widget-video\" data-id=\"ad2c54f\" data-element_type=\"widget\" data-settings=\"{&quot;youtube_url&quot;:&quot;https:\\\/\\\/www.youtube.com\\\/watch?v=AGreXikbEN4&quot;,&quot;video_type&quot;:&quot;youtube&quot;,&quot;controls&quot;:&quot;yes&quot;,&quot;aspect_ratio&quot;:&quot;169&quot;}\" data-widget_type=\"video.default\">\n\t\t\t\t<div class=\"elementor-widget-container\">\n\t\t\t<style>\/*! elementor - v3.6.6 - 08-06-2022 *\/\n.elementor-widget-video .elementor-widget-container{overflow:hidden;-webkit-transform:translateZ(0);transform:translateZ(0)}.elementor-widget-video .elementor-open-inline .elementor-custom-embed-image-overlay{position:absolute;top:0;left:0;width:100%;height:100%;background-size:cover;background-position:50%}.elementor-widget-video .elementor-custom-embed-image-overlay{cursor:pointer;text-align:center}.elementor-widget-video .elementor-custom-embed-image-overlay:hover .elementor-custom-embed-play i{opacity:1}.elementor-widget-video .elementor-custom-embed-image-overlay img{display:block;width:100%}.elementor-widget-video .e-hosted-video .elementor-video{-o-object-fit:cover;object-fit:cover}<\/style>\t\t<div class=\"elementor-wrapper elementor-fit-aspect-ratio elementor-open-inline\">\n\t\t\t<div class=\"elementor-video\"><\/div>\t\t<\/div>\n\t\t\t\t<\/div>\n\t\t\t\t<\/div>\n\t\t\t\t<div class=\"elementor-element elementor-element-762c9bf7 elementor-widget elementor-widget-shortcode\" data-id=\"762c9bf7\" data-element_type=\"widget\" data-widget_type=\"shortcode.default\">\n\t\t\t\t<div class=\"elementor-widget-container\">\n\t\t\t\t\t<div class=\"elementor-shortcode\"><div  class=\"fusion-fullwidth fullwidth-box nonhundred-percent-fullwidth\"  style='background-color: rgba(255,255,255,0);background-position: left top;background-repeat: no-repeat;padding-top:20px;padding-right:0px;padding-bottom:20px;padding-left:0px;border-top-width:0px;border-bottom-width:0px;border-color:#eae9e9;border-top-style:solid;border-bottom-style:solid;'><div class=\"fusion-builder-row fusion-row \"><div  class=\"fusion-layout-column fusion_builder_column fusion_builder_column_1_1  fusion-one-full fusion-column-first fusion-column-last fusion-column-no-min-height 1_1\"  style='margin-top:0px;margin-bottom:0px;width:100%'>\n\t\t\t<div class=\"fusion-column-wrapper\" style=\"background-position:left top;background-repeat:no-repeat;-webkit-background-size:cover;-moz-background-size:cover;-o-background-size:cover;background-size:cover;\"  data-bg-url=\"\">\n\t\t\t\t<div id=\"fb-root\"><\/div>\r\n<script>(function(d, s, id) {\r\n  var js, fjs = d.getElementsByTagName(s)[0];\r\n  if (d.getElementById(id)) return;\r\n  js = d.createElement(s); js.id = id;\r\n  js.src = \"\/\/connect.facebook.net\/fr_FR\/sdk.js#xfbml=1&version=v2.8\";\r\n  fjs.parentNode.insertBefore(js, fjs);\r\n}(document, 'script', 'facebook-jssdk'));<\/script><div class=\"fusion-clearfix\"><\/div>\n\n\t\t\t<\/div>\n\t\t<\/div><div  class=\"fusion-layout-column fusion_builder_column fusion_builder_column_2_3  fusion-two-third fusion-column-first 2_3\"  style='margin-top:0px;margin-bottom:20px;width:65.3333%; margin-right: 4%;'>\n\t\t\t<div class=\"fusion-column-wrapper\" style=\"background-position:left top;background-repeat:no-repeat;-webkit-background-size:cover;-moz-background-size:cover;-o-background-size:cover;background-size:cover;\"  data-bg-url=\"\">\n\t\t\t\t<div class=\"fusion-blog-shortcode fusion-blog-shortcode-1 fusion-blog-archive fusion-blog-layout-grid-wrapper fusion-blog-pagination\"><style type=\"text\/css\">.fusion-blog-shortcode-1 .fusion-blog-layout-grid .fusion-post-grid{padding:20px;}.fusion-blog-shortcode-1 .fusion-posts-container{margin-left: -20px !important; margin-right:-20px !important;}<\/style><div class=\"fusion-posts-container fusion-posts-container-pagination fusion-blog-layout-grid fusion-blog-layout-grid-3 isotope\" data-pages=\"7\" data-grid-col-space=\"40\" style=\"margin: -20px -20px 0;height:500px;\"><article id=\"post-2448\" class=\"fusion-post-grid post-2448 post type-post status-publish format-standard has-post-thumbnail hentry category-non-classe\">\n<div class=\"fusion-post-wrapper\">\n\n\n\t<div class=\"fusion-flexslider flexslider fusion-flexslider-loading fusion-post-slideshow\">\n\t\t<ul class=\"slides\">\n\t\t\t\n\t\t\t\t\t\t\t\t\t\t\t\t\t\t\t\t\t\t<li>\n<div class=\"fusion-image-wrapper\" aria-haspopup=\"true\">\n\n\t\n\t\t<a href=\"https:\/\/agneausoleil.com\/agneausoleil\/salon-de-lelevage-2026-2\/\">\n\t\t\t\n\t\t\t\t\t<img loading=\"lazy\" decoding=\"async\" width=\"944\" height=\"1600\" src=\"https:\/\/agneausoleil.com\/agneausoleil\/wp-content\/uploads\/2026\/04\/IMG-20260403-WA0001.jpg\" class=\"attachment-full size-full wp-post-image\" alt=\"\" srcset=\"https:\/\/agneausoleil.com\/agneausoleil\/wp-content\/uploads\/2026\/04\/IMG-20260403-WA0001-200x339.jpg 200w, https:\/\/agneausoleil.com\/agneausoleil\/wp-content\/uploads\/2026\/04\/IMG-20260403-WA0001-400x678.jpg 400w, https:\/\/agneausoleil.com\/agneausoleil\/wp-content\/uploads\/2026\/04\/IMG-20260403-WA0001-600x1017.jpg 600w, https:\/\/agneausoleil.com\/agneausoleil\/wp-content\/uploads\/2026\/04\/IMG-20260403-WA0001-800x1356.jpg 800w, https:\/\/agneausoleil.com\/agneausoleil\/wp-content\/uploads\/2026\/04\/IMG-20260403-WA0001.jpg 944w\" sizes=\"auto, (min-width: 784px) 407px, (min-width: 712px) 610px, (min-width: 640px) 712px, 100vw\" \/>\n\t\n\n\t\t<\/a>\n\n\t\n<\/div>\n<\/li>\n\t\t\t\n\t\t\t\t\t\t\t\t\t\t\t\t\t\t\t\t\t\t\t\t\t\t\t\t\t\t\t\t\t\t\t\t\t\t\t\t\t\t\t\t\t\t\t\t\t\t\t\t\t\t\t\t\t\t\t\t\t\t\t\t\t\t\t\t\t\t\t\t\t\t\t<\/ul>\n\t<\/div>\n<div class=\"fusion-post-content-wrapper\"><div class=\"fusion-post-content post-content\"><h2 class=\"blog-shortcode-post-title entry-title\"><a href=\"https:\/\/agneausoleil.com\/agneausoleil\/salon-de-lelevage-2026-2\/\">SALON DE L&rsquo;ELEVAGE 2026<\/a><\/h2><div class=\"fusion-post-content-container\"><p>Concours d'agneaux de boucherie Label Rouge Agneau de Sisteron Classement femelles : Le PRIX D'EXCELLENCE: GAEC DE SAINT DOMNIN - 2\u00e9me prix : EARL LES VALLEES DE PROVENCE - 3\u00e9me prix : GAEC L'ETOILE DU [...]<\/p><\/div><\/div><\/div><div class=\"fusion-clearfix\"><\/div><\/div>\n<\/article>\n<article id=\"post-2443\" class=\"fusion-post-grid post-2443 post type-post status-publish format-standard has-post-thumbnail hentry category-non-classe\">\n<div class=\"fusion-post-wrapper\">\n\n\n\t<div class=\"fusion-flexslider flexslider fusion-flexslider-loading fusion-post-slideshow\">\n\t\t<ul class=\"slides\">\n\t\t\t\n\t\t\t\t\t\t\t\t\t\t\t\t\t\t\t\t\t\t<li>\n<div class=\"fusion-image-wrapper\" aria-haspopup=\"true\">\n\n\t\n\t\t<a href=\"https:\/\/agneausoleil.com\/agneausoleil\/salon-de-lelevage-2026\/\">\n\t\t\t\n\t\t\t\t\t<img loading=\"lazy\" decoding=\"async\" width=\"2048\" height=\"1536\" src=\"https:\/\/agneausoleil.com\/agneausoleil\/wp-content\/uploads\/2026\/03\/IMG_20260330_112451.jpg\" class=\"attachment-full size-full wp-post-image\" alt=\"\" srcset=\"https:\/\/agneausoleil.com\/agneausoleil\/wp-content\/uploads\/2026\/03\/IMG_20260330_112451-200x150.jpg 200w, https:\/\/agneausoleil.com\/agneausoleil\/wp-content\/uploads\/2026\/03\/IMG_20260330_112451-400x300.jpg 400w, https:\/\/agneausoleil.com\/agneausoleil\/wp-content\/uploads\/2026\/03\/IMG_20260330_112451-600x450.jpg 600w, https:\/\/agneausoleil.com\/agneausoleil\/wp-content\/uploads\/2026\/03\/IMG_20260330_112451-800x600.jpg 800w, https:\/\/agneausoleil.com\/agneausoleil\/wp-content\/uploads\/2026\/03\/IMG_20260330_112451-1200x900.jpg 1200w, https:\/\/agneausoleil.com\/agneausoleil\/wp-content\/uploads\/2026\/03\/IMG_20260330_112451.jpg 2048w\" sizes=\"auto, (min-width: 784px) 407px, (min-width: 712px) 610px, (min-width: 640px) 712px, 100vw\" \/>\n\t\n\n\t\t<\/a>\n\n\t\n<\/div>\n<\/li>\n\t\t\t\n\t\t\t\t\t\t\t\t\t\t\t\t\t\t\t\t\t\t\t\t\t\t\t\t\t\t\t\t\t\t\t\t\t\t\t\t\t\t\t\t\t\t\t\t\t\t\t\t\t\t\t\t\t\t\t\t\t\t\t\t\t\t\t\t\t\t\t\t\t\t\t<\/ul>\n\t<\/div>\n<div class=\"fusion-post-content-wrapper\"><div class=\"fusion-post-content post-content\"><h2 class=\"blog-shortcode-post-title entry-title\"><a href=\"https:\/\/agneausoleil.com\/agneausoleil\/salon-de-lelevage-2026\/\">SALON DE L&rsquo;ELEVAGE 2026<\/a><\/h2><div class=\"fusion-post-content-container\"><p>Au programme ce week-end : des moutons tout beaux apr\u00e8s la tonte, des onglons comme neufs gr\u00e2ce au parage et des \u00e9chographies dignes d\u2019un \u00e9pisode de Grey\u2019s Anatomy version ferme! Mais SURTOUT\u2026 beaucoup d'\u00e9changes, de [...]<\/p><\/div><\/div><\/div><div class=\"fusion-clearfix\"><\/div><\/div>\n<\/article>\n<article id=\"post-2380\" class=\"fusion-post-grid post-2380 post type-post status-publish format-standard has-post-thumbnail hentry category-non-classe\">\n<div class=\"fusion-post-wrapper\">\n\n\n\t<div class=\"fusion-flexslider flexslider fusion-flexslider-loading fusion-post-slideshow\">\n\t\t<ul class=\"slides\">\n\t\t\t\n\t\t\t\t\t\t\t\t\t\t\t\t\t\t\t\t\t\t<li>\n<div class=\"fusion-image-wrapper\" aria-haspopup=\"true\">\n\n\t\n\t\t<a href=\"https:\/\/agneausoleil.com\/agneausoleil\/promotions-magasins\/\">\n\t\t\t\n\t\t\t\t\t<img loading=\"lazy\" decoding=\"async\" width=\"1414\" height=\"2000\" src=\"https:\/\/agneausoleil.com\/agneausoleil\/wp-content\/uploads\/2025\/09\/1.png\" class=\"attachment-full size-full wp-post-image\" alt=\"\" srcset=\"https:\/\/agneausoleil.com\/agneausoleil\/wp-content\/uploads\/2025\/09\/1-200x283.png 200w, https:\/\/agneausoleil.com\/agneausoleil\/wp-content\/uploads\/2025\/09\/1-400x566.png 400w, https:\/\/agneausoleil.com\/agneausoleil\/wp-content\/uploads\/2025\/09\/1-600x849.png 600w, https:\/\/agneausoleil.com\/agneausoleil\/wp-content\/uploads\/2025\/09\/1-800x1132.png 800w, https:\/\/agneausoleil.com\/agneausoleil\/wp-content\/uploads\/2025\/09\/1-1200x1697.png 1200w, https:\/\/agneausoleil.com\/agneausoleil\/wp-content\/uploads\/2025\/09\/1.png 1414w\" sizes=\"auto, (min-width: 784px) 407px, (min-width: 712px) 610px, (min-width: 640px) 712px, 100vw\" \/>\n\t\n\n\t\t<\/a>\n\n\t\n<\/div>\n<\/li>\n\t\t\t\n\t\t\t\t\t\t\t\t\t\t\t\t\t\t\t\t\t\t\t\t\t\t\t\t\t\t\t\t\t\t\t\t\t\t\t\t\t\t\t\t\t\t\t\t\t\t\t\t\t\t\t\t\t\t\t\t\t\t\t\t\t\t\t\t\t\t\t\t\t\t\t<\/ul>\n\t<\/div>\n<div class=\"fusion-post-content-wrapper\"><div class=\"fusion-post-content post-content\"><h2 class=\"blog-shortcode-post-title entry-title\"><a href=\"https:\/\/agneausoleil.com\/agneausoleil\/promotions-magasins\/\">PROMOTIONS MAGASINS<\/a><\/h2><div class=\"fusion-post-content-container\"><p>Promotions \u00e0 retrouver seulement sur nos 3 sites de Sisteron, Saint Martin de Crau et Montmeyan, Pour plus de renseignements, contactez le 04 92 61 45 00, tapez 1 pour les magasins ! catalogue promo<\/p><\/div><\/div><\/div><div class=\"fusion-clearfix\"><\/div><\/div>\n<\/article>\n<article id=\"post-2369\" class=\"fusion-post-grid post-2369 post type-post status-publish format-standard has-post-thumbnail hentry category-non-classe\">\n<div class=\"fusion-post-wrapper\">\n\n\n\t<div class=\"fusion-flexslider flexslider fusion-flexslider-loading fusion-post-slideshow\">\n\t\t<ul class=\"slides\">\n\t\t\t\n\t\t\t\t\t\t\t\t\t\t\t\t\t\t\t\t\t\t<li>\n<div class=\"fusion-image-wrapper\" aria-haspopup=\"true\">\n\n\t\n\t\t<a href=\"https:\/\/agneausoleil.com\/agneausoleil\/vente-beliers-mourerous\/\">\n\t\t\t\n\t\t\t\t\t<img loading=\"lazy\" decoding=\"async\" width=\"2000\" height=\"1414\" src=\"https:\/\/agneausoleil.com\/agneausoleil\/wp-content\/uploads\/2025\/09\/POST-VASCTO-1.png\" class=\"attachment-full size-full wp-post-image\" alt=\"\" srcset=\"https:\/\/agneausoleil.com\/agneausoleil\/wp-content\/uploads\/2025\/09\/POST-VASCTO-1-200x141.png 200w, https:\/\/agneausoleil.com\/agneausoleil\/wp-content\/uploads\/2025\/09\/POST-VASCTO-1-400x283.png 400w, https:\/\/agneausoleil.com\/agneausoleil\/wp-content\/uploads\/2025\/09\/POST-VASCTO-1-600x424.png 600w, https:\/\/agneausoleil.com\/agneausoleil\/wp-content\/uploads\/2025\/09\/POST-VASCTO-1-800x566.png 800w, https:\/\/agneausoleil.com\/agneausoleil\/wp-content\/uploads\/2025\/09\/POST-VASCTO-1-1200x848.png 1200w, https:\/\/agneausoleil.com\/agneausoleil\/wp-content\/uploads\/2025\/09\/POST-VASCTO-1.png 2000w\" sizes=\"auto, (min-width: 784px) 407px, (min-width: 712px) 610px, (min-width: 640px) 712px, 100vw\" \/>\n\t\n\n\t\t<\/a>\n\n\t\n<\/div>\n<\/li>\n\t\t\t\n\t\t\t\t\t\t\t\t\t\t\t\t\t\t\t\t\t\t\t\t\t\t\t\t\t\t\t\t\t\t\t\t\t\t\t\t\t\t\t\t\t\t\t\t\t\t\t\t\t\t\t\t\t\t\t\t\t\t\t\t\t\t\t\t\t\t\t\t\t\t\t<\/ul>\n\t<\/div>\n<div class=\"fusion-post-content-wrapper\"><div class=\"fusion-post-content post-content\"><h2 class=\"blog-shortcode-post-title entry-title\"><a href=\"https:\/\/agneausoleil.com\/agneausoleil\/vente-beliers-mourerous\/\">VENTE B\u00c9LIERS MOUREROUS<\/a><\/h2><div class=\"fusion-post-content-container\"><p><\/p><\/div><\/div><\/div><div class=\"fusion-clearfix\"><\/div><\/div>\n<\/article>\n<article id=\"post-2332\" class=\"fusion-post-grid post-2332 post type-post status-publish format-standard has-post-thumbnail hentry category-non-classe\">\n<div class=\"fusion-post-wrapper\">\n\n\n\t<div class=\"fusion-flexslider flexslider fusion-flexslider-loading fusion-post-slideshow\">\n\t\t<ul class=\"slides\">\n\t\t\t\n\t\t\t\t\t\t\t\t\t\t\t\t\t\t\t\t\t\t<li>\n<div class=\"fusion-image-wrapper\" aria-haspopup=\"true\">\n\n\t\n\t\t<a href=\"https:\/\/agneausoleil.com\/agneausoleil\/animation-sommet-de-lelevage\/\">\n\t\t\t\n\t\t\t\t\t<img loading=\"lazy\" decoding=\"async\" width=\"2000\" height=\"1125\" src=\"https:\/\/agneausoleil.com\/agneausoleil\/wp-content\/uploads\/2025\/09\/pourquoi-et-comment-devenir-selectionneur-races-rustiques-affiche-1-Sommet-2025.jpg\" class=\"attachment-full size-full wp-post-image\" alt=\"\" srcset=\"https:\/\/agneausoleil.com\/agneausoleil\/wp-content\/uploads\/2025\/09\/pourquoi-et-comment-devenir-selectionneur-races-rustiques-affiche-1-Sommet-2025-200x113.jpg 200w, https:\/\/agneausoleil.com\/agneausoleil\/wp-content\/uploads\/2025\/09\/pourquoi-et-comment-devenir-selectionneur-races-rustiques-affiche-1-Sommet-2025-400x225.jpg 400w, https:\/\/agneausoleil.com\/agneausoleil\/wp-content\/uploads\/2025\/09\/pourquoi-et-comment-devenir-selectionneur-races-rustiques-affiche-1-Sommet-2025-600x338.jpg 600w, https:\/\/agneausoleil.com\/agneausoleil\/wp-content\/uploads\/2025\/09\/pourquoi-et-comment-devenir-selectionneur-races-rustiques-affiche-1-Sommet-2025-800x450.jpg 800w, https:\/\/agneausoleil.com\/agneausoleil\/wp-content\/uploads\/2025\/09\/pourquoi-et-comment-devenir-selectionneur-races-rustiques-affiche-1-Sommet-2025-1200x675.jpg 1200w, https:\/\/agneausoleil.com\/agneausoleil\/wp-content\/uploads\/2025\/09\/pourquoi-et-comment-devenir-selectionneur-races-rustiques-affiche-1-Sommet-2025.jpg 2000w\" sizes=\"auto, (min-width: 784px) 407px, (min-width: 712px) 610px, (min-width: 640px) 712px, 100vw\" \/>\n\t\n\n\t\t<\/a>\n\n\t\n<\/div>\n<\/li>\n\t\t\t\n\t\t\t\t\t\t\t\t\t\t\t\t\t\t\t\t\t\t\t\t\t\t\t\t\t\t\t\t\t\t\t\t\t\t\t\t\t\t\t\t\t\t\t\t\t\t\t\t\t\t\t\t\t\t\t\t\t\t\t\t\t\t\t\t\t\t\t\t\t\t\t<\/ul>\n\t<\/div>\n<div class=\"fusion-post-content-wrapper\"><div class=\"fusion-post-content post-content\"><h2 class=\"blog-shortcode-post-title entry-title\"><a href=\"https:\/\/agneausoleil.com\/agneausoleil\/animation-sommet-de-lelevage\/\">ANIMATION &#8211; SOMMET DE L&rsquo;\u00c9LEVAGE<\/a><\/h2><div class=\"fusion-post-content-container\"><p>Pourquoi et comment devenir s\u00e9lectionneur en race ovine rustique ?<\/p><\/div><\/div><\/div><div class=\"fusion-clearfix\"><\/div><\/div>\n<\/article>\n<article id=\"post-2272\" class=\"fusion-post-grid post-2272 post type-post status-publish format-standard has-post-thumbnail hentry category-actualites\">\n<div class=\"fusion-post-wrapper\">\n\n\n\t<div class=\"fusion-flexslider flexslider fusion-flexslider-loading fusion-post-slideshow\">\n\t\t<ul class=\"slides\">\n\t\t\t\n\t\t\t\t\t\t\t\t\t\t\t\t\t\t\t\t\t\t<li>\n<div class=\"fusion-image-wrapper\" aria-haspopup=\"true\">\n\n\t\n\t\t<a href=\"https:\/\/agneausoleil.com\/agneausoleil\/collecte-de-laine\/\">\n\t\t\t\n\t\t\t\t\t<img loading=\"lazy\" decoding=\"async\" width=\"2000\" height=\"1414\" src=\"https:\/\/agneausoleil.com\/agneausoleil\/wp-content\/uploads\/2025\/04\/COLLECTE-LAINE.jpg\" class=\"attachment-full size-full wp-post-image\" alt=\"\" srcset=\"https:\/\/agneausoleil.com\/agneausoleil\/wp-content\/uploads\/2025\/04\/COLLECTE-LAINE-200x141.jpg 200w, https:\/\/agneausoleil.com\/agneausoleil\/wp-content\/uploads\/2025\/04\/COLLECTE-LAINE-400x283.jpg 400w, https:\/\/agneausoleil.com\/agneausoleil\/wp-content\/uploads\/2025\/04\/COLLECTE-LAINE-600x424.jpg 600w, https:\/\/agneausoleil.com\/agneausoleil\/wp-content\/uploads\/2025\/04\/COLLECTE-LAINE-800x566.jpg 800w, https:\/\/agneausoleil.com\/agneausoleil\/wp-content\/uploads\/2025\/04\/COLLECTE-LAINE-1200x848.jpg 1200w, https:\/\/agneausoleil.com\/agneausoleil\/wp-content\/uploads\/2025\/04\/COLLECTE-LAINE.jpg 2000w\" sizes=\"auto, (min-width: 784px) 407px, (min-width: 712px) 610px, (min-width: 640px) 712px, 100vw\" \/>\n\t\n\n\t\t<\/a>\n\n\t\n<\/div>\n<\/li>\n\t\t\t\n\t\t\t\t\t\t\t\t\t\t\t\t\t\t\t\t\t\t\t\t\t\t\t\t\t\t\t\t\t\t\t\t\t\t\t\t\t\t\t\t\t\t\t\t\t\t\t\t\t\t\t\t\t\t\t\t\t\t\t\t\t\t\t\t\t\t\t\t\t\t\t<\/ul>\n\t<\/div>\n<div class=\"fusion-post-content-wrapper\"><div class=\"fusion-post-content post-content\"><h2 class=\"blog-shortcode-post-title entry-title\"><a href=\"https:\/\/agneausoleil.com\/agneausoleil\/collecte-de-laine\/\">COLLECTE DE LAINE<\/a><\/h2><div class=\"fusion-post-content-container\"><p><\/p><\/div><\/div><\/div><div class=\"fusion-clearfix\"><\/div><\/div>\n<\/article>\n<div class=\"fusion-clearfix\"><\/div><\/div>\n\t\t\t\t\t\t\t\t\t<div class='pagination clearfix'>\n\t\t\t\n\t\t\t\n\t\t\t\t\t\t\t\t\t\t\t\t\t\t\t\t\t\t<span class=\"current\">1<\/span>\n\t\t\t\t\t\t\t\t\t\t\t\t\t\t\t\t\t\t\t\t\t\t\t\t\t\t\t<a href=\"https:\/\/agneausoleil.com\/agneausoleil\/wp-json\/wp\/v2\/pages\/66\/page\/2\/\" class=\"inactive\">2<\/a>\n\t\t\t\t\t\t\t\t\t\t\t\t\t\t\t\t\t\t\t\t\t\t\t\t\t\t\t<a href=\"https:\/\/agneausoleil.com\/agneausoleil\/wp-json\/wp\/v2\/pages\/66\/page\/3\/\" class=\"inactive\">3<\/a>\n\t\t\t\t\t\t\t\t\t\t\t\t\t\t\t\t\t\t\t\t\t\t\t\t\t\t\t\t\t\t\t\t\t\t\t\t\t\t\t\t\n\t\t\t\t\t\t\t<a class=\"pagination-next\" href=\"https:\/\/agneausoleil.com\/agneausoleil\/wp-json\/wp\/v2\/pages\/66\/page\/2\/\">\n\t\t\t\t\t<span class=\"page-text\">Suivant<\/span>\n\t\t\t\t\t<span class=\"page-next\"><\/span>\n\t\t\t\t<\/a>\n\t\t\t\n\t\t\t<\/div>\n\t\t\t\t\t<\/div><div class=\"fusion-clearfix\"><\/div>\n\n\t\t\t<\/div>\n\t\t<\/div><div  class=\"fusion-layout-column fusion_builder_column fusion_builder_column_1_3  fusion-one-third fusion-column-last 1_3\"  style='margin-top:0px;margin-bottom:20px;width:30.6666%'>\n\t\t\t<div class=\"fusion-column-wrapper\" style=\"border:1px solid #1a80b6;background-position:left top;background-repeat:no-repeat;-webkit-background-size:cover;-moz-background-size:cover;-o-background-size:cover;background-size:cover;\"  data-bg-url=\"\">\n\t\t\t\t<div class=\"fb-page\" data-href=\"https:\/\/www.facebook.com\/LAgneau-Soleil-106756560904300\" data-tabs=\"timeline\" data-small-header=\"true\" data-adapt-container-width=\"true\" data-hide-cover=\"true\" data-show-facepile=\"false\"><blockquote cite=\"https:\/\/www.facebook.com\/LAgneau-Soleil-106756560904300\" class=\"fb-xfbml-parse-ignore\"><a href=\"https:\/\/www.facebook.com\/LAgneau-Soleil-106756560904300\">Cooperative \"L&#039;Agneau Soleil\"<\/a><\/blockquote><\/div>\n<br>\n<br>\n\n<div id=\"esf-insta-feed\"\n\tclass=\"esf-insta-wrap esf_insta_feed_wraper esf-instagram-type-personal   esf-insta-skin-1611 esf-insta-\">\n\t\t\t\t\t<p class=\"esf_insta_error_msg\">Erreur:\t\t\tError validating application\t\t\t\t<\/p>\n\t\t\t\n\t\t<\/div>\n<div class=\"fusion-clearfix\"><\/div>\n\n\t\t\t<\/div>\n\t\t<\/div><\/div><\/div><\/div>\n\t\t\t\t<\/div>\n\t\t\t\t<\/div>\n\t\t\t\t\t<\/div>\n\t\t<\/div>\n\t\t\t\t\t\t\t<\/div>\n\t\t<\/section>\n\t\t\t\t\t\t\t<\/div>\n\t\t","protected":false},"excerpt":{"rendered":"","protected":false},"author":1,"featured_media":0,"parent":0,"menu_order":0,"comment_status":"closed","ping_status":"closed","template":"","meta":{"spay_email":"","footnotes":""},"class_list":["post-66","page","type-page","status-publish","hentry"],"_links":{"self":[{"href":"https:\/\/agneausoleil.com\/agneausoleil\/wp-json\/wp\/v2\/pages\/66","targetHints":{"allow":["GET"]}}],"collection":[{"href":"https:\/\/agneausoleil.com\/agneausoleil\/wp-json\/wp\/v2\/pages"}],"about":[{"href":"https:\/\/agneausoleil.com\/agneausoleil\/wp-json\/wp\/v2\/types\/page"}],"author":[{"embeddable":true,"href":"https:\/\/agneausoleil.com\/agneausoleil\/wp-json\/wp\/v2\/users\/1"}],"replies":[{"embeddable":true,"href":"https:\/\/agneausoleil.com\/agneausoleil\/wp-json\/wp\/v2\/comments?post=66"}],"version-history":[{"count":40,"href":"https:\/\/agneausoleil.com\/agneausoleil\/wp-json\/wp\/v2\/pages\/66\/revisions"}],"predecessor-version":[{"id":2441,"href":"https:\/\/agneausoleil.com\/agneausoleil\/wp-json\/wp\/v2\/pages\/66\/revisions\/2441"}],"wp:attachment":[{"href":"https:\/\/agneausoleil.com\/agneausoleil\/wp-json\/wp\/v2\/media?parent=66"}],"curies":[{"name":"wp","href":"https:\/\/api.w.org\/{rel}","templated":true}]}}