{"id":385,"date":"2016-10-05T16:29:46","date_gmt":"2016-10-05T14:29:46","guid":{"rendered":"http:\/\/agneausoleil.com\/agneausoleil\/?page_id=385"},"modified":"2026-04-20T17:07:25","modified_gmt":"2026-04-20T15:07:25","slug":"echographies","status":"publish","type":"page","link":"https:\/\/agneausoleil.com\/agneausoleil\/echographies\/","title":{"rendered":"Echographies"},"content":{"rendered":"<p>[vc_row][vc_column width=\u00a0\u00bb2\/3&Prime;][vc_column_text]<\/p>\n<h1 align=\"left\">Indispensable pour g\u00e9rer son troupeau !<strong><br \/>\n<\/strong><\/h1>\n<p style=\"text-align: justify;\" align=\"left\">Le revenu de l\u2019\u00e9leveur ovin est d\u00e9termin\u00e9 principalement par la productivit\u00e9 num\u00e9rique de son troupeau et par l\u2019optimisation des charges alimentaires face \u00e0 cette productivit\u00e9. La productivit\u00e9 est directement conditionn\u00e9e par la r\u00e9ussite des luttes et des mises bas ainsi que par l\u2019optimisation des charges alimentaires et de l\u2019organisation du travail qui doivent \u00eatre en accord avec les diff\u00e9rents stades physiologiques des brebis au sein du troupeau.<\/p>\n<p align=\"left\">Pour mettre tous les atouts de son cot\u00e9 un outil tr\u00e8s performant et peu on\u00e9reux existe pour contr\u00f4ler la r\u00e9ussite des luttes\u00a0: LES ECHOGRAPHIES.<\/p>\n<h1>Pourquoi utiliser l&rsquo;\u00e9chographie\u00a0?<\/h1>\n<ul>\n<li style=\"text-align: justify;\">Pour identifier au plus t\u00f4t les brebis qui sont gestantes ou pas et d\u00e9cider de la conduite \u00e0 leur appliquer\u00a0: r\u00e9forme, remise en lutte, orientation vers des p\u00e2tures riches ou vers la colline, transhumance ou pas, vente de femelles garanties pleines, traitements sanitaires, pr\u00e9vision de production \u2026<\/li>\n<li style=\"text-align: justify;\">Pour conna\u00eetre au plus t\u00f4t le nombre d\u2019agneaux pour chaque brebis et pouvoir mieux adapter l&rsquo;alimentation\u00a0: rationner les vides au profit des pleines, trier les brebis pleines trop maigres, ne pas trop compl\u00e9menter les m\u00e8res de simples pour \u00e9viter des agneaux trop gros \u00e0 la naissance mais privil\u00e9gier les m\u00e8res de doubles\u2026<\/li>\n<li style=\"text-align: justify;\">Pour am\u00e9liorer le taux de survie des nouveau-n\u00e9s en modulant le r\u00e9gime alimentaire des m\u00e8res.<\/li>\n<li style=\"text-align: justify;\">Pour d\u00e9terminer la p\u00e9riode de tarissement dans le cas des laiti\u00e8res.<\/li>\n<li style=\"text-align: justify;\">Pour conna\u00eetre au plus t\u00f4t le nombre de brebis \u00e0 agneler et dimensionner la main d\u2019\u0153uvre n\u00e9cessaire, les b\u00e2timents, les stocks de fourrage\u2026<\/li>\n<\/ul>\n<p style=\"text-align: justify;\" align=\"left\">Bref, on pourrait plut\u00f4t se demander pourquoi ne PAS utiliser l\u2019\u00e9chographie\u00a0!!!<\/p>\n<p style=\"text-align: justify;\" align=\"left\">La d\u00e9tection des gestations par \u00e9chographie est un outil rentable de gestion qui permet d&rsquo;am\u00e9liorer la conduite de la reproduction, la gestion de l&rsquo;alimentation et le taux de survie des nouveau-n\u00e9s. C\u2019est sans doute pour cette raison que le nombre d&rsquo;\u00e9chographies r\u00e9alis\u00e9 chaque ann\u00e9e dans notre r\u00e9gion augmente. En 2018 ce sont 134000 \u00e9chographies qui ont \u00e9t\u00e9 pratiqu\u00e9es pour 398 chantiers.<\/p>\n<p>[\/vc_column_text][\/vc_column][vc_column width=\u00a0\u00bb1\/3&Prime;][vc_single_image image=\u00a0\u00bb392&Prime; img_size=\u00a0\u00bbfull\u00a0\u00bb alignment=\u00a0\u00bbcenter\u00a0\u00bb style=\u00a0\u00bbvc_box_shadow_border\u00a0\u00bb][vc_single_image image=\u00a0\u00bb562&Prime; img_size=\u00a0\u00bbfull\u00a0\u00bb alignment=\u00a0\u00bbcenter\u00a0\u00bb style=\u00a0\u00bbvc_box_shadow_border\u00a0\u00bb][\/vc_column][\/vc_row][vc_row][vc_column][vc_separator color=\u00a0\u00bbcustom\u00a0\u00bb border_width=\u00a0\u00bb5&Prime; accent_color=\u00a0\u00bb#1a80b6&Prime;][\/vc_column][\/vc_row][vc_row][vc_column width=\u00a0\u00bb1\/2&Prime;][vc_column_text]<\/p>\n<h1 align=\"left\">Principe de l&rsquo;\u00e9chographie<\/h1>\n<p style=\"text-align: justify;\" align=\"left\">La technique de l\u2019\u00e9chographie consiste \u00e0 \u00e9mettre des ultrasons dans la cavit\u00e9 abdominale de la brebis par l\u2019interm\u00e9diaire d\u2019une sonde enduite de gel et plac\u00e9e \u00e0 cot\u00e9 de la mamelle. Ces ultrasons \u00ab rebondissent \u00bb plus ou moins selon la duret\u00e9 des tissus internes qu\u2019ils rencontrent et retournent vers la sonde qui les a \u00e9mis. C\u2019est cette \u00e9cho en retour qui est converti en images et qui donne une vue en coupe du contenu abdominal de la brebis.<\/p>\n<p style=\"text-align: justify;\" align=\"left\">L\u2019interpr\u00e9tation de cette image n\u00e9cessite une certaine exp\u00e9rience notamment pour r\u00e9aliser le d\u00e9nombrement des f\u0153tus.<\/p>\n<p style=\"text-align: justify;\" align=\"left\">Dans la mesure o\u00f9 l\u2019image obtenue est de bonne qualit\u00e9, la fiabilit\u00e9 de cette technique est incontestable : quasiment 100 % pour les diagnostics vide\/pleine. Pour le d\u00e9nombrement la fiabilit\u00e9 d\u00e9pend des conditions de contention, du stade d\u2019intervention, du calme des animaux, de la prolificit\u00e9 des brebis et bien s\u00fbr du niveau d\u2019exp\u00e9rience de l\u2019op\u00e9rateur. Les op\u00e9rateurs qui pratiquent le d\u00e9nombrement dans notre r\u00e9gion PACA ont, pour le moment, une fiabilit\u00e9 de l\u2019ordre de 70 \u00e0 80 % .<\/p>\n<p>[\/vc_column_text][\/vc_column][vc_column width=\u00a0\u00bb1\/2&Prime;][vc_column_text]<\/p>\n<h1 align=\"left\">L&rsquo;organisation du chantier\u00a0:<\/h1>\n<p style=\"text-align: justify;\" align=\"left\">Dans notre r\u00e9gion le temps o\u00f9 il fallait attraper et retourner chaque brebis pour faire des \u00e9chographies, est r\u00e9volu depuis longtemps.<\/p>\n<p style=\"text-align: justify;\" align=\"left\">Aujourd\u2019hui les \u00e9chographies sont pratiqu\u00e9es \u00e0 poste fixe, en bout de couloir, avec blocage de la brebis avec porte cornadis en position debout. A la coop\u00e9rative l&rsquo;Agneau Soleil, o\u00f9 l\u2019on fait des \u00e9chographies depuis 20 ans, l\u2019op\u00e9rateur intervient avec une remorque de contention sp\u00e9cifique qui permet d\u2019intervenir m\u00eame en ext\u00e9rieur par tout temps et qui est \u00e9quip\u00e9e d\u2019une cage de contention sp\u00e9ciale pour les \u00e9chographies. Avec cet \u00e9quipement et un appareil d&rsquo;\u00e9chographie tr\u00e8s performant, l\u2019op\u00e9rateur assis dans la remorque bloque la brebis debout, il l\u2019\u00e9chographie, il enregistre le r\u00e9sultat sur un compteur, marque la brebis et la lib\u00e8re (en la triant \u00e9ventuellement). L\u2019\u00e9leveur n\u2019a qu\u2019\u00e0 faire monter les brebis dans la remorque qui est plac\u00e9e en bout de couloir de contention.<\/p>\n<p style=\"text-align: justify;\" align=\"left\">Avec ce type de syst\u00e8me directement inspir\u00e9 des n\u00e9oz\u00e9landais (et unique en France\u00a0!), il est courant d\u2019arriver \u00e0 faire 300 brebis \u00e0 l\u2019heure en vide\/pleine et entre 100 et 150 brebis \u00e0 l\u2019heure en d\u00e9nombrement et avec un minimum de main d\u2019\u0153uvre.<\/p>\n<p>[\/vc_column_text][\/vc_column][\/vc_row][vc_row][vc_column][vc_column_text]<\/p>\n<p style=\"text-align: justify;\" align=\"left\">L\u2019\u00e9chographie peut permettre \u00e9galement, par la visualisation de la taille du f\u0153tus, de donner l\u2019\u00e2ge de celui-ci ce qui est tr\u00e8s int\u00e9ressant pour trier les brebis selon le moment pr\u00e9vu d\u2019agnelage ou en \u00e9levage laitier pour pr\u00e9voir les tarissements.<\/p>\n<p style=\"text-align: justify;\" align=\"left\">L\u2019obtention d\u2019une image permettant un diagnostic fiable d\u00e9pend \u00e9galement du stade de gestation de la brebis. Avant 30 jours la poche amniotique et l\u2019agneau sont d\u2019une taille tr\u00e8s petite qui accroit les risques de \u00ab\u00a0passer \u00e0 cot\u00e9\u00a0\u00bb. De plus, \u00e0 ce stade, les cotyl\u00e9dons (\u00ab\u00a0ventouses\u00a0\u00bb typiques du placenta de la brebis) ne sont pas encore bien form\u00e9s ni visibles.<\/p>\n<p style=\"text-align: justify;\" align=\"left\">Apr\u00e8s 80 jours l\u2019agneau est trop gros pour donner une vue d\u2019ensemble et, s\u2019ils sont plusieurs, ils sont difficiles \u00e0 individualiser pour les d\u00e9nombrer. On retient donc que la p\u00e9riode optimale d\u2019intervention pour un diagnostic par \u00e9chographie est entre 50 jours et 80 jours. Donc pour une lutte d\u2019une dur\u00e9e d\u2019un mois on interviendra 50 jours apr\u00e8s avoir sorti les b\u00e9liers du troupeau et l\u2019on sera donc en plein dans la p\u00e9riode optimale.<\/p>\n<p>[\/vc_column_text][\/vc_column][\/vc_row][vc_row][vc_column][vc_separator color=\u00a0\u00bbcustom\u00a0\u00bb border_width=\u00a0\u00bb5&Prime; accent_color=\u00a0\u00bb#1a80b6&Prime;][\/vc_column][\/vc_row][vc_row][vc_column width=\u00a0\u00bb1\/2&Prime;][vc_column_text]<\/p>\n<h1 align=\"left\">Quelques t\u00e9moignages :<\/h1>\n<p align=\"left\">G.Goletto (\u00e9leveur \u00e0 Mane)\u00a0:<\/p>\n<blockquote>\n<p style=\"padding-left: 30px; text-align: left;\"><cite title=\"citation\">\u00ab\u00a0Je g\u00e8re un troupeau avec deux lots d\u00e9ssaisonn\u00e9s et sans lutte de rattrapage syst\u00e9matique. Je v\u00e9rifie donc la r\u00e9ussite des saillies syst\u00e9matiquement avec les \u00e9chographies. Gr\u00e2ce \u00e0 cela j&rsquo;ai pu refaire une lutte ce printemps car ma lutte de janvier n&rsquo;a pas \u00e9t\u00e9 assez fertile. Sans cela un bon nombre de brebis seraient rest\u00e9es vides jusqu&rsquo;\u00e0 la lutte de fin Juillet&#8230;\u00a0\u00bb<\/cite><\/p>\n<\/blockquote>\n<p align=\"left\">Mr Goliath (\u00e9leveur \u00e0 Villeneuve)\u00a0:<\/p>\n<blockquote>\n<p style=\"padding-left: 30px;\"><cite title=\"Citation\">\u00ab\u00a0Cela <\/cite><cite title=\"Citation\">fait plus de 10 ans que nous faisons \u00e9chographier nos brebis d\u00e9but janvier en <\/cite><cite title=\"Citation\">pr\u00e9vision de l&rsquo;agnelage de printemps. Cela me permet de trier les pleines qui <\/cite><cite title=\"Citation\">agnelleront sur des pr\u00e9s de Crau et les vides qui finiront l&rsquo;hiver en colline.<\/cite><cite title=\"Citation\">Nous faisons 800 \u00e0 1\u00a0000 brebis en une demie journ\u00e9e et avec une fiabilit\u00e9 <\/cite><cite title=\"Citation\">de plus de 95 %\u00a0.\u00a0\u00bb<\/cite><\/p>\n<\/blockquote>\n<p>Mme Cordier (\u00e9leveur laitier \u00e0 Ch\u00e2teau Arnoux)\u00a0:<\/p>\n<blockquote>\n<p style=\"padding-left: 30px;\"><cite title=\"Citation\">\u00ab\u00a0Je fais \u00e9chographier mes brebis lacaune apr\u00e8s chaque lutte par ins\u00e9mination. Gr\u00e2ce \u00e0 ce diagnostic je trie les vielles brebis vides \u00e0 r\u00e9former et je peux \u00e9galement rep\u00e9rer les brebis pleines de l&rsquo;I.A. ou de la repasse au b\u00e9lier. <\/cite><cite title=\"Citation\">Ainsi les pleines seront taries plus t\u00f4t et compl\u00e9ment\u00e9es pour que leurs agneaux profitent mieux .Ceci d&rsquo;autant plus si c&rsquo;est de l&rsquo;I.A. qu&rsquo;elles ont<\/cite><br \/>\n<cite title=\"Citation\">retenu\u00a0!\u00a0\u00bb<\/cite><\/p>\n<\/blockquote>\n<p>Mr Derbez (\u00e9leveur au Martinet)\u00a0:<\/p>\n<blockquote>\n<p style=\"padding-left: 30px;\"><cite title=\"Citation\"><em>\u00ab\u00a0Etant en label agneau de Sisteron, je pratique le d\u00e9ssaisonnement sur une grosse partie de mon troupeau qui agn\u00e8le d\u00e9but\u00a0 Juin. Ma coop\u00e9rative nous<\/em><\/cite><br \/>\n<cite title=\"Citation\"><em>aide dans ce projet en nous proposant des \u00e9chographies gratuites pour les <\/em><\/cite><cite title=\"Citation\"><em>agnelages en p\u00e9riode de transhumance. Ainsi, mes brebis lutt\u00e9es en F\u00e9vrier sont test\u00e9es en Avril et je sais alors lesquelles resteront en bas pour agneler et lesquelles partiront en alpage.\u00a0\u00bb<\/em><\/cite><\/p>\n<\/blockquote>\n<p>[\/vc_column_text][\/vc_column][vc_column width=\u00a0\u00bb1\/2&Prime;][vc_column_text]<\/p>\n<h1>En quelques chiffres !<\/h1>\n<p>[\/vc_column_text][vc_row_inner][vc_column_inner width=\u00a0\u00bb1\/6&Prime;][\/vc_column_inner][vc_column_inner width=\u00a0\u00bb4\/6&Prime;][vc_column_text]<\/p>\n<table style=\"width: 100%; border-color: #1a80b6;\" border=\"1\">\n<tbody>\n<tr style=\"height: 24px;\">\n<td style=\"width: 224.5px; height: 24px; text-align: left;\">Nombre d&rsquo;\u00e9chographies (2018)<\/td>\n<td style=\"width: 164.5px; height: 24px; text-align: left;\">133955<\/td>\n<\/tr>\n<tr style=\"height: 24px;\">\n<td style=\"width: 224.5px; height: 24px; text-align: left;\">Nombre d&rsquo;\u00e9leveurs concern\u00e9s<\/td>\n<td style=\"width: 164.5px; height: 24px; text-align: left;\">294<\/td>\n<\/tr>\n<tr style=\"height: 24px;\">\n<td style=\"width: 224.5px; height: 24px; text-align: left;\">Nombre de chantiers<\/td>\n<td style=\"width: 164.5px; height: 24px; text-align: left;\">398<\/td>\n<\/tr>\n<tr style=\"height: 24px;\">\n<td style=\"width: 224.5px; text-align: left; height: 24px;\" colspan=\"2\">Cadences de travail<\/td>\n<\/tr>\n<tr style=\"height: 24px;\">\n<td style=\"width: 224.5px; height: 24px; text-align: left;\">vide\/pleine<\/td>\n<td style=\"width: 164.5px; height: 24px; text-align: left;\">350 brebis\/heure<\/td>\n<\/tr>\n<tr style=\"height: 24px;\">\n<td style=\"width: 224.5px; height: 24px; text-align: left;\">d\u00e9nombrement<\/td>\n<td style=\"width: 164.5px; height: 24px; text-align: left;\">180 brebis\/heure<\/td>\n<\/tr>\n<tr style=\"height: 24px;\">\n<td style=\"width: 224.5px; height: 24px; text-align: left;\">vitesse maxi v\/p<\/td>\n<td style=\"width: 164.5px; height: 24px; text-align: left;\">500 brebis\/heure<\/td>\n<\/tr>\n<tr style=\"height: 24px;\">\n<td style=\"width: 224.5px; text-align: left; height: 24px;\" colspan=\"2\">Taux de r\u00e9ussite<\/td>\n<\/tr>\n<tr style=\"height: 24px;\">\n<td style=\"width: 224.5px; height: 24px; text-align: left;\">vide\/pleine<\/td>\n<td style=\"width: 164.5px; height: 24px; text-align: left;\">99 %<\/td>\n<\/tr>\n<tr style=\"height: 24px;\">\n<td style=\"width: 224.5px; height: 24px; text-align: left;\">d\u00e9nombrement<\/td>\n<td style=\"width: 164.5px; height: 24px; text-align: left;\">95 %<\/td>\n<\/tr>\n<\/tbody>\n<\/table>\n<p>[\/vc_column_text][\/vc_column_inner][vc_column_inner width=\u00a0\u00bb1\/6&Prime;][\/vc_column_inner][\/vc_row_inner][vc_video link=\u00a0\u00bbhttps:\/\/youtu.be\/8_FQByFlL3k\u00a0\u00bb align=\u00a0\u00bbcenter\u00a0\u00bb][\/vc_column][\/vc_row]<\/p>\n","protected":false},"excerpt":{"rendered":"<p>[vc_row][vc_column width=\u00a0\u00bb2\/3&Prime;][vc_column_text] Indispensable pour g\u00e9rer son troupeau ! Le revenu de l\u2019\u00e9leveur ovin est d\u00e9termin\u00e9 principalement par la productivit\u00e9 num\u00e9rique de son troupeau et par l\u2019optimisation des charges alimentaires face \u00e0 cette productivit\u00e9. La productivit\u00e9 est directement conditionn\u00e9e par la r\u00e9ussite des luttes et des mises bas ainsi que par l\u2019optimisation des charges alimentaires et [&hellip;]<\/p>\n","protected":false},"author":1,"featured_media":0,"parent":0,"menu_order":0,"comment_status":"closed","ping_status":"closed","template":"","meta":{"spay_email":"","footnotes":""},"class_list":["post-385","page","type-page","status-publish","hentry"],"_links":{"self":[{"href":"https:\/\/agneausoleil.com\/agneausoleil\/wp-json\/wp\/v2\/pages\/385","targetHints":{"allow":["GET"]}}],"collection":[{"href":"https:\/\/agneausoleil.com\/agneausoleil\/wp-json\/wp\/v2\/pages"}],"about":[{"href":"https:\/\/agneausoleil.com\/agneausoleil\/wp-json\/wp\/v2\/types\/page"}],"author":[{"embeddable":true,"href":"https:\/\/agneausoleil.com\/agneausoleil\/wp-json\/wp\/v2\/users\/1"}],"replies":[{"embeddable":true,"href":"https:\/\/agneausoleil.com\/agneausoleil\/wp-json\/wp\/v2\/comments?post=385"}],"version-history":[{"count":28,"href":"https:\/\/agneausoleil.com\/agneausoleil\/wp-json\/wp\/v2\/pages\/385\/revisions"}],"predecessor-version":[{"id":2460,"href":"https:\/\/agneausoleil.com\/agneausoleil\/wp-json\/wp\/v2\/pages\/385\/revisions\/2460"}],"wp:attachment":[{"href":"https:\/\/agneausoleil.com\/agneausoleil\/wp-json\/wp\/v2\/media?parent=385"}],"curies":[{"name":"wp","href":"https:\/\/api.w.org\/{rel}","templated":true}]}}